 - 14*j + 6. Give r(0).
6
Let d(g) = -g**3 + 59*g**2 - 225*g + 282. Give d(55).
7
Let d(h) = h**3 + 43*h**2 - 82*h + 370. Calculate d(-45).
10
Let r(w) = -47*w**2 + 55*w - 54. Calculate r(1).
-46
Let d(v) = 289*v**2 + 208*v - 207. Calculate d(1).
290
Let z(c) = c**3 - 24*c**2 - 385*c + 14. Determine z(35).
14
Let u(n) = 27*n - 467. What is u(5)?
-332
Let l(z) = -z**2 - 26*z + 64. Calculate l(-19).
197
Let u(g) = g**3 - 7*g**2 - 264*g + 1618. Calculate u(6).
-2
Let q(k) = k**3 + 16*k**2 - 9*k + 147. What is q(-17)?
11
Let a(p) = 40*p + 1927. Calculate a(-49).
-33
Let f(x) = -4*x**3 - 5*x**2 - 6*x - 3. Determine f(-4).
197
Let p(h) = 25*h - 16. What is p(2)?
34
Let r(z) = -z**2 - 28*z - 206. What is r(-17)?
-19
Let l(y) = -y**3 + 40*y**2 - 83*y + 125. Determine l(38).
-141
Let u(r) = r**3 - 38*r**2 + 36*r + 25. Give u(37).
-12
Let k(y) = -2*y**3 - 36*y**2 - 99*y + 608. Determine k(-11).
3
Let f(r) = 2*r**3 - 18*r**2 + 2*r - 5. Calculate f(10).
215
Let j(l) = 3*l**3 - 45*l**2 + 10*l + 25. Calculate j(15).
175
Let t(k) = -2*k**3 + 7*k**2 + 8*k - 2. What is t(-2)?
26
Let t(a) = -59*a - 1295. Determine t(-22).
3
Let m(j) = -j + 17. Determine m(-33).
50
Let d(u) = 3*u**2 - 7*u - 144. Calculate d(-10).
226
Let f(h) = -3*h**2 - 91*h - 196. Determine f(-28).
0
Let l(o) = -2*o**2 - 68*o - 531. Give l(-12).
-3
Let p(w) = w**3 - 5*w**2 - 15*w + 43. Give p(6).
-11
Let v(n) = -115*n - 9549. Give v(-83).
-4
Let c(d) = -122*d**2 + 752*d + 10. What is c(6)?
130
Let y(x) = -2*x**3 + 17*x**2 + 56*x - 540. Calculate y(7).
-1
Let u(w) = -133*w - 28976. What is u(-218)?
18
Let t(g) = g**3 + 38*g**2 + 103*g + 2429. Determine t(-37).
-13
Let g(k) = 7*k + 101. Give g(-6).
59
Let y(p) = 170*p + 24484. Determine y(-144).
4
Let x(v) = v**2 - 32*v - 291. Calculate x(39).
-18
Let n(c) = 24*c**3 - 6*c + 7. Give n(2).
187
Let k(r) = -155*r - 479. Determine k(-3).
-14
Let n(p) = -p**3 - 24*p**2 + 144*p + 3848. What is n(-23)?
7
Let g(f) = -f**2 - 16*f - 6. Calculate g(-16).
-6
Let w(i) = -i**3 + 8*i**2 + 60*i + 63. Calculate w(13).
-2
Let f(l) = 2*l**2 - 367*l - 5108. What is f(-13)?
1
Let l(r) = -r**3 - 51*r**2 + 219*r + 82. What is l(-55)?
137
Let x(i) = -3819*i + 7633. Calculate x(2).
-5
Let d(s) = s**2 + 189*s + 1453. What is d(-8)?
5
Let c(j) = -j**3 + 43*j**2 + 42*j - 278. Calculate c(44).
-366
Let p(m) = 405*m - 3249. Determine p(8).
-9
Let i(x) = x**3 + 10*x**2 + 623*x + 7749. Calculate i(-12).
-15
Let f(q) = q**3 + 32*q**2 - 840*q - 341. What is f(-49)?
2
Let b(a) = -4*a**2 + 234*a - 94. Calculate b(61).
-704
Let j(m) = m**3 - 29*m**2 - m + 75. Determine j(29).
46
Let x(w) = -w**2 - 47*w + 717. What is x(12)?
9
Let i(w) = -10*w**2 + 303*w + 123. Give i(31).
-94
Let o(d) = 2*d**2 + 68*d - 1624. Give o(20).
536
Let g(f) = 21*f**2 + 180*f - 69. Calculate g(-9).
12
Let y(m) = 7*m**2 - 126*m - 101. Determine y(19).
32
Let q(p) = -p**3 + 15*p**2 + 22*p - 56. Determine q(16).
40
Let q(f) = f**3 + 18*f**2 + 79*f - 17. Give q(-10).
-7
Let o(n) = -1425*n + 19938. Calculate o(14).
-12
Let d(w) = 144*w + 1808. What is d(-13)?
-64
Let i(l) = -14*l**2 + 4*l - 629. What is i(0)?
-629
Let f(u) = 6537*u + 65372. Calculate f(-10).
2
Let y(o) = 95*o + 1713. Determine y(-18).
3
Let i(p) = 474*p - 12794. What is i(27)?
4
Let y(k) = -1253*k + 17533. Give y(14).
-9
Let b(n) = -128*n + 10936. Determine b(85).
56
Let p(k) = 364*k - 12749. Determine p(35).
-9
Let t(w) = 10*w - 27. Give t(14).
113
Let o(r) = -185*r + 207. Calculate o(2).
-163
Let b(v) = 1687*v - 64094. Determine b(38).
12
Let h(f) = -f**2 + 41*f + 164. What is h(45)?
-16
Let m(y) = -95*y - 3517. What is m(-37)?
-2
Let i(d) = -2*d**3 - 30*d**2 + 58*d - 49. What is i(-17)?
121
Let c(a) = -28*a + 109. What is c(15)?
-311
Let n(o) = -58*o + 261. What is n(4)?
29
Let c(g) = 52*g - 1060. Determine c(20).
-20
Let h(z) = 54*z - 2394. Give h(46).
90
Let g(f) = -1129*f - 34990. Determine g(-31).
9
Let a(w) = 782*w + 15653. What is a(-20)?
13
Let r(z) = 2*z**3 + 18*z**2 - 21*z - 10. Give r(-10).
0
Let t(g) = -g**3 - 5*g + 249. What is t(0)?
249
Let l(c) = -4*c**3 + 697*c**2 + 524*c + 169. Give l(175).
-6
Let n(h) = -4635*h - 41706. Give n(-9).
9
Let n(w) = 103*w - 15934. Determine n(155).
31
Let v(k) = 91*k - 539. Calculate v(6).
7
Let b(y) = 440*y + 28596. Give b(-65).
-4
Let d(c) = 186*c + 1124. Determine d(-6).
8
Let y(f) = -2*f**2 - 32*f + 468. Give y(-20).
308
Let g(c) = 10*c + 253. Determine g(-12).
133
Let n(w) = w**2 + 234*w + 4286. Calculate n(-214).
6
Let h(q) = -4*q**3 - 7*q**2 - 5*q - 1. Calculate h(-2).
13
Let w(m) = 5*m - 52. What is w(27)?
83
Let s(g) = g**3 - 16*g**2 + 5*g + 54. What is s(15)?
-96
Let a(f) = -6*f**2 + 52*f - 19. Calculate a(8).
13
Let k(w) = 36*w**2 + 123*w - 73. Give k(-4).
11
Let s(d) = -451*d - 42. What is s(-1)?
409
Let h(z) = 22*z**2 - 41*z - 1. Calculate h(2).
5
Let j(v) = 8*v**2 - 93*v + 34. Calculate j(14).
300
Let l(s) = 6*s**3 + 41*s**2 - 2*s. Calculate l(-7).
-35
Let n(z) = -4*z**2 - 15*z - 78. Give n(-4).
-82
Let t(z) = -2*z**2 + 47*z - 289. Determine t(13).
-16
Let k(l) = -17*l**3 - 100*l**2 - 25*l - 218. Determine k(-6).
4
Let r(n) = -n**2 - 29*n - 74. Give r(-23).
64
Let y(n) = 2*n**3 - 10*n**2 - 29*n + 134. Calculate y(4).
-14
Let d(c) = 4*c**3 - 140*c**2 - 294*c - 66. Determine d(37).
8
Let a(v) = 45*v + 1064. What is a(-27)?
-151
Let n(z) = z**3 - 135*z**2 - 989*z - 736. Determine n(142).
-26
Let y(g) = -31*g - 1735. What is y(-56)?
1
Let w(j) = j**2 + 6*j - 222. Calculate w(-18).
-6
Let j(u) = -2*u**2 + 108*u - 404. Calculate j(50).
-4
Let d(s) = 28*s**2 - s - 3. Give d(2).
107
Let z(v) = 155*v**2 + 18*v + 4. What is z(-1)?
141
Let u(w) = -3000*w + 6006. What is u(2)?
6
Let j(r) = -512*r**2 - 144*r + 145. Calculate j(1).
-511
Let i(b) = -253*b**2 + 2*b - 6. What is i(1)?
-257
Let m(t) = -39*t**2 + 4*t + 13. What is m(-2)?
-151
Let m(w) = 2*w**3 - 69*w**2 + 425*w + 3. What is m(8)?
11
Let k(v) = -54*v - 2668. Give k(-58).
464
Let s(f) = f**2 + 51*f - 209. What is s(4)?
11
Let n(x) = 2*x**3 + 90*x**2 - 715*x - 87. Calculate n(7).
4
Let o(y) = -6*y**3 - 562*y**2 + 187*y - 98. Calculate o(-94).
-4
Let y(f) = -22*f**2 - 8*f - 5. What is y(3)?
-227
Let o(v) = -45*v - 218. Give o(-5).
7
Let w(l) = 162*l**2 - 24*l - 25. Give w(-1).
161
Let w(f) = 15*f**2 + 4*f - 17. Calculate w(3).
130
Let k(s) = 59*s + 950. Give k(-16).
6
Let l(j) = 4*j**2 + 3*j - 128. What is l(-11)?
323
Let q(d) = -2*d**2 - 23*d - 85. What is q(-6)?
-19
Let b(p) = -871*p + 11347. Determine b(13).
24
Let z(k) = 33*k - 2526. What is z(78)?
48
Let m(l) = 72*l + 401. Give m(-5).
41
Let h(d) = 6*d**3 + 227*d**2 - 42*d - 188. What is h(-38)?
-36
Let i(u) = -11*u**2 + 52*u - 97. Calculate i(10).
-677
Let o(q) = -2816*q + 33834. Give o(12).
42
Let i(w) = -w**3 - 17*w**2 - 43*w - 22. Give i(-14).
-8
Let b(v) = 166*v + 36506. What is b(-220)?
-14
Let l(n) = -18*n + 9. Determine l(6).
-99
Let n(u) = -3*u**3 - 63*u**2 - 94*u - 1971. Give n(-21).
3
Let t(o) = -2*o**3 - 12*o**2 + 74. Give t(-9).
560
Let m(l) = -l**2 + 35*l + 10. Determine m(34).
44
Let u(v) = 5*v - 14. Calculate u(-27).
-149
Let b(i) = i**2 + i - 53. Calculate b(13).
129
Let v(n) = n**2 + 31*n - 77. Give v(-33).
-11
Let w(r) = 159*r - 936. What is w(6)?
18
Let s(b) = b**2 - 21*b - 21. What is s(22)?
1
Let j(h) = 14*h + 39. What is j(-7)?
-59
Let h(s) = s**3 - 94*s + 2. What is h(10)?
62
Let l(n) = -197*n + 3122. Determine l(16).
-30
Let v(m) = 250*m**3 - 2*m**2 + 9*m - 7. Determine v(1).
250
Let f(a) = a**2 - 7*a + 52. Give f(4).
40
Let r(n) = -3*n**3 - 61*n**2 - 16*n + 117. What is r(-20)?
37
Let m(n) = -64*n + 251. What is m(21)?
-1093
Let g(d) = d**3 + 31*d**2 + 72*d + 317. Determine g(-29).
-89
Let k(x) = x**3 + 9*x**2 + 325*x + 1530. What is k(-5)?
5
Let h(z) = 3*z**3 + 30*z**2 + 32*z + 47. Calculate h(-9).
2
Let r(g) = 11*g - 577. Determine r(65).
138
Let w(a) = -28*a - 792. Calculate w(-23).
-148
Let y(p) = p**2 - 45*p - 2165. What is y(-29)?
-19
Let r(o) = -o**2 - 81*o - 554. What is r(-74)?
-36
Let h(o) = 27*o**2 - 3*o - 7. Calculate h(0).
-7
Let f(n) = 48*n - 382. Give f(8).
2
Let r(q) = -2*q**3 - 4*q**2 - 12*q - 12. Give r(-2).
12
Let k(v) = v**2 + 32*v - 4372. Determine k(52).
-4
Let n(h) = h**3 + 15*h**2 - 7*h - 132. What is n(-15)?
-27
Let j(h) = -146*h 